late the greatest common divisor of h and 19.
19
Let y = 91 - 3. Calculate the highest common divisor of y and 220.
44
Let i(r) = -r. Let u be i(-3). Suppose -d + 149 = u*w, -4*w - d + 101 = -97. Let s be (-2 - 0) + 11 + -2. What is the highest common factor of w and s?
7
Suppose 6 = -5*a + 16. Suppose 2*q + a = 4*q. Let g be q*(-3 - -15) - 0. What is the highest common factor of 48 and g?
12
Suppose 46 + 19 = 5*q. Suppose -5*u - q = -n - 3*u, 5*n = 4*u + 53. Calculate the greatest common factor of 9 and n.
9
Let u(s) = -2*s**3 - 4*s**2 + s - 4. Let v be u(-4). What is the highest common factor of 8 and v?
8
Suppose 142 + 58 = 8*m. Calculate the highest common factor of m and 275.
25
Suppose 3*b + 1 + 8 = 0. Let n = b + 7. What is the highest common divisor of n and 12?
4
Let w = -15 + 5. Let g be (12/w)/((-3)/480). What is the highest common factor of g and 24?
24
Suppose 2*z = 7*z - 15. Suppose 2*h + z*h - 45 = 0. What is the highest common factor of h and 90?
9
Suppose 7*l - 3*l - 75 = 3*a, l = -5*a + 13. What is the greatest common factor of 48 and l?
6
Let a = 2 - 2. Suppose a = -2*b + 4*b - 44. Let p = -8 + 10. What is the greatest common divisor of b and p?
2
Suppose 70*z = 69*z + 38. What is the greatest common divisor of z and 76?
38
Let u = 172 - 96. Calculate the highest common divisor of 190 and u.
38
Let z be 1*(-2 - 0) - -11. Let l be (-94)/(-4) - z/(-6). Calculate the greatest common divisor of 250 and l.
25
Suppose v - 3*v + 28 = 2*i, -i = 5*v - 26. Suppose t + 4*j = 93, 0 = 4*t - 2*t + j - 158. Calculate the greatest common divisor of t and i.
11
Suppose 12 = -3*i + 3*u, 0 = 5*i + 4*u - 13 - 3. Suppose -1 = -i*t - t. Calculate the greatest common factor of 3 and t.
1
Suppose 2*y + 2*l = -y + 5, 3*y - 5*l = 19. Suppose 0 = -4*m - 5*t + 275, 3*t - 205 = -y*m - 2*t. Calculate the highest common factor of m and 10.
10
Let c = -11 + 6. Let v = 0 - c. Suppose -v*l = -47 - 23. Calculate the greatest common factor of 21 and l.
7
Let t be (-1)/2 - (-9)/2. Suppose 0 = -3*a + a - t. Let q be 6 + 4/a + 0. What is the highest common divisor of 44 and q?
4
Let y = -20 + 28. Let s = 21 - -19. What is the greatest common divisor of y and s?
8
Suppose -8*g = -130 - 174. What is the greatest common factor of g and 57?
19
Let g(n) = n**3 + 9*n**2 + 2*n - 18. Let l be g(-8). Calculate the greatest common factor of l and 6.
6
Let o(x) = -15*x - 6. Let v be o(-2). Calculate the greatest common factor of 16 and v.
8
Suppose 10*w - 5*w = 15. What is the highest common divisor of 27 and w?
3
Let o be 3/1 + 9/(45/170). What is the greatest common divisor of o and 259?
37
Let i(p) = p**2 + 4*p - 6. Let k be i(-5). Let b be 12/(k/(-2) - 0). Let o(g) = 5*g**2 + 1. Let j be o(1). What is the greatest common factor of b and j?
6
Let h be (300/(-9)*-6)/1. What is the greatest common factor of 25 and h?
25
Let r(x) = 2*x**3 - 6*x**2 + x + 5. Let q(o) = o**3 + o**2 - o - 1. Let h(d) = q(d) - r(d). Let i be h(6). Calculate the highest common factor of i and 45.
9
Suppose -2*p = -3 - 9. Let r be (-5)/((-15)/p) - -18. Calculate the highest common factor of r and 5.
5
Let t = 524 + -278. Let u be 0 - (-3 + 1 - t). Let f = u - 39. What is the greatest common divisor of 19 and f?
19
Let u(a) = -2*a**3 - 11*a**2 + 5*a - 5. Let j be u(-8). What is the greatest common divisor of 25 and j?
25
Suppose -4*t = -79 - 9. What is the highest common divisor of 110 and t?
22
Suppose 290 = -19*u + 24*u. Calculate the highest common factor of 145 and u.
29
Suppose -5*y - 12 = -137. Calculate the highest common divisor of y and 10.
5
Let o be 114/21*(7 - 0). What is the highest common factor of 57 and o?
19
Suppose -4*r + 45 = -5*y, -2*r - 4*y = -9 - 33. What is the greatest common divisor of 6 and r?
3
Let d(a) = a - 2. Let h be d(4). Let p be 5 + (-2 - (h + -1)). What is the highest common factor of p and 18?
2
Let m be (-3199)/(-49) + (-2)/7. Suppose m = 6*o - o. Calculate the highest common factor of 143 and o.
13
Let a be (-1)/((-3351)/837 + 4). What is the highest common factor of a and 31?
31
Suppose -3*f + 133 = -245. What is the highest common divisor of 18 and f?
18
Let l(n) = 17*n + 2. Let c be l(5). Suppose 3*w = -0*w + c. What is the greatest common divisor of w and 232?
29
Let q be 1/(0 - (-2)/38). Let n = 13 + -13. Suppose 8*h - 3*h - 760 = n. Calculate the highest common divisor of q and h.
19
Let v(a) = 3*a + 5. Suppose 4*q = m + m - 26, -3 = q. Let h be v(m). What is the highest common divisor of h and 65?
13
Let h(c) = -c**2 - 10*c - 7. Let i be h(-6). Calculate the highest common factor of 136 and i.
17
Let i = 18 - -2. What is the greatest common divisor of 80 and i?
20
Let u(g) = g**3 - 10*g**2 - 9*g - 11. Let o be u(11). Calculate the greatest common divisor of o and 11.
11
Let z(x) = -10*x - 7. Let w be z(-7). Let a be w/2 + 2/4. What is the greatest common factor of a and 80?
16
Let h = -2 - -61. Let p = h + -36. What is the greatest common divisor of p and 69?
23
Let t be (-13)/(-2) - (-2)/4. Suppose 2*q - 3 = 11. Calculate the greatest common divisor of q and t.
7
Suppose -3*l = 2*l + 620. Let t = 232 + l. Calculate the greatest common factor of 12 and t.
12
Let j(l) = l**3 + 8*l**2 + 4*l - 3. Let h be j(-4). Suppose h = 2*m + 19. Let a be 2/(3 + -1)*143. Calculate the highest common factor of a and m.
13
Suppose -7*y - 432 = -10*y. What is the greatest common factor of 18 and y?
18
Let q(i) = i - 44. Let k(f) = f - 45. Let p be 1 - 2/1 - -4. Let s(v) = p*q(v) - 4*k(v). Let l be s(0). Calculate the greatest common factor of 6 and l.
6
Let s(g) = 2*g + 19. Let c be s(-8). Suppose 3*z - 111 + 16 = -2*m, -5*z = c*m - 145. Let t = -16 - -116. What is the greatest common divisor of t and m?
20
Let h(v) = v**3 + 6*v**2 - 7*v - 4. Let d be h(-7). Let o = 6 + d. Calculate the highest common divisor of o and 8.
2
Let c = 17 + -14. Let l be (2/c)/((-11)/(-198)). Let a be (18/4)/(3/20). Calculate the greatest common factor of l and a.
6
Let t = -20 + 56. What is the greatest common divisor of t and 9?
9
Let u = -12 - -16. Suppose 0 - 2 = -a. What is the highest common divisor of u and a?
2
Let p(i) = 21 + i - 2 + 9. Suppose 0*t - 2*t + 5*d = -25, 2*t + d + 5 = 0. Let r be p(t). What is the highest common factor of 4 and r?
4
Let j(o) be the second derivative of -o**3/3 - o**2 - 3*o. Let x be j(-9). Calculate the highest common factor of x and 16.
16
Let g = -12 + -3. Let t = g - -21. What is the greatest common factor of 15 and t?
3
Let d = 156 - 2. Calculate the greatest common factor of d and 22.
22
Let p be 1*(-1*2 + 3 + 0). What is the greatest common divisor of 16 and p?
1
Suppose 5*g + 12 = 7*g. Let m be (-4)/6 + 22/g. Suppose 5*k = 4*a + 55, m*k = 4*a + 55 - 14. Calculate the greatest common divisor of k and 21.
7
Suppose 4*y + y - 30 = 0. What is the highest common factor of 6 and y?
6
Suppose -3*y + 5*f - 8*f + 63 = 0, -3*y + f + 43 = 0. What is the greatest common divisor of 208 and y?
16
Let y = 8 + -8. Suppose 0 = -y*i - i + 81. Calculate the greatest common divisor of 9 and i.
9
Suppose 3*h + h = -2*c + 26, 4 = 4*h. Let i = -3 - -1. Let v be (-12)/(-8) - (-1)/i. What is the greatest common factor of c and v?
1
Suppose -2 - 9 = -5*z + 3*x, 2*z + 4*x = -6. What is the highest common divisor of z and 1?
1
Suppose m = -4*v - m + 18, -m = -1. Calculate the greatest common divisor of 4 and v.
4
Suppose -7*f + 1140 = -f. What is the greatest common factor of f and 38?
38
Suppose 8*w = 13*w - 85. Calculate the highest common factor of w and 85.
17
Suppose -4*f - 3 - 37 = 0. Let a(g) = -g**3 - 9*g**2 + g - 10. Let v be a(f). Calculate the greatest common divisor of 16 and v.
16
Let n = -38 - -43. What is the highest common divisor of 5 and n?
5
Suppose 5*s + 15 = 0, -3*l + 0 = -3*s - 18. Calculate the highest common factor of 12 and l.
3
Suppose 0*h + 2*h + 4*u - 30 = 0, -u = -3. Suppose 2*r = -3*r - 25. Let l be (r/4 + -1)*-4. Calculate the highest common divisor of h and l.
9
Let i be (-27)/(-6) + 2/(-4). Suppose -74 = -5*h - i. What is the greatest common factor of h and 112?
14
Suppose 3*h - 5*g = -h - 15, 0 = 4*h + 5*g - 15. Let n be h + 43 + (-6)/(-3). Let x be (2 - 0) + 7 - 0. What is the greatest common divisor of x and n?
9
Suppose 5*k + 2*y = 26,